+ 1. Let z be a(1). Suppose 4*s = -2*f + 12, -s - z - 17 = -5*f. Let x(p) = -3*p. Give x(s).
-3
Let i(u) = -u**3 + u**2 - 12. Let l = -79 + 79. Determine i(l).
-12
Let g be (2/(-3))/((-4)/30). Let r(y) be the third derivative of y**4/24 + y**3/3 + 6*y**2. What is r(g)?
7
Let s(v) = v**3 + 4*v**2 - 6*v + 2. Let o(c) = c**3 - c. Let f(z) = -2*o(z) + s(z). What is f(3)?
-1
Suppose 0 = -4*w - 16, 0 = -4*r + 5*w + 16 + 4. Let t(d) = -9*d + 5*d + 5*d. Give t(r).
0
Let y(s) = s**2 + 4*s. Let u = 24 - 27. Calculate y(u).
-3
Let n = -18 - -19. Let d(p) = 6*p**3 - p**2 + 1. Give d(n).
6
Suppose -8 = -2*w - 2*w. Let t(v) = w*v**2 - 4*v - v**2 + 0 + 6 - 1. What is t(5)?
10
Suppose -4*w - 8 = 2*c + 2, 4 = 5*w - 3*c. Let a(t) = -t**2 - 6*t - 5. Let i be a(-5). Let j(l) = 0 + i + l - l**2. Determine j(w).
-2
Let b(x) = -12*x - 1. Let z(q) = q + 5. Let i be z(-6). Give b(i).
11
Let w(a) = a + 8. Let g be 28/(-8) + 4/(8/(-3)). What is w(g)?
3
Let r(t) = t. Suppose 0 = o - 4*o - 3. Let u(m) = 7*m + 5. Let q(b) = o*u(b) + 6*r(b). Suppose 0 = -0*a + a - 4*v, 2*v = -3*a. Calculate q(a).
-5
Let s = -14 + 16. Let p(c) = c**2 + 2*c - 2. Calculate p(s).
6
Let h(b) = -b**2 - 7*b + 7. Let j(s) = -s**3 - 13*s**2 - 12*s - 7. Let g be j(-12). Give h(g).
7
Let s = 3 + -3. Suppose 0 = 4*y - 8*y + 8. Let b(h) = h**y - 6*h + 6*h - 2. Calculate b(s).
-2
Let v(s) = -s**2 + 11*s - 15. Let t be v(10). Let o = 2 + t. Let k(q) = 3*q + 3. Give k(o).
-6
Let r(n) = -n - 6. Let s be 6/15 + 64/(-10). Let d = s + 0. Determine r(d).
0
Let g(w) = -w**3 + 3*w**2 - 2. Suppose 0 = -11*b + 7*b + 12. Determine g(b).
-2
Let a(q) = -1 - q**2 + 0*q**3 - q + q + 3*q**3 + 2*q. What is a(1)?
3
Let u = -5 - -2. Let q(s) be the first derivative of -1/4*s**4 - 5/3*s**3 + 3 - 4*s - 5/2*s**2. What is q(u)?
-7
Suppose 3*k + 6 = 0, -a - 14 = -2*a + 5*k. Let q(j) be the first derivative of j**3/3 - 2*j**2 - 4*j - 1. What is q(a)?
-4
Let j be (-2 + 1)*(-6)/(-2). Let u(b) = -b - 1. Let g(i) = -7 + i**2 + 2*i - 4*i - 2*i. Let n(k) = -g(k) + 6*u(k). Calculate n(j).
-2
Suppose 12 = 6*r - 2*r. Suppose p - 3 = 0, -r*p = b + p - 6. Let m be -3*(-1*2)/b. Let z(i) = 9*i + 1. What is z(m)?
-8
Let l(z) be the third derivative of -z**5/60 - z**4/24 - 4*z**3/3 + 2*z**2. Let p(j) = -j - 8. Let u be p(-8). Calculate l(u).
-8
Let d be (-6)/(-5)*(2 - -3). Let h(g) = -g**3 + 6*g**2 + g - 7. Calculate h(d).
-1
Suppose 0 = -2*r + 3*v + 2, -3*r - 15 = -8*r + 5*v. Suppose 3*j = r*j - 4. Let s(o) = -9*o**3 - 1. Calculate s(j).
-10
Let v(k) = -2*k + 3. Let q(u) = u**2 + 4*u + 2. Suppose 2*i = 6*i + 16. Let g be q(i). What is v(g)?
-1
Suppose -2*z + 4*z = 0. Suppose a = 2 - z. Let q(i) = -i**2 - 1 - a - i + 1. Give q(-3).
-8
Let a(q) = -5*q**2 + q + 9. Let m(y) = 9*y**2 - 2*y - 17. Let n(k) = -11*a(k) - 6*m(k). Calculate n(0).
3
Suppose 4*x - 5*r - 4 + 13 = 0, 2*r = -x + 1. Let z(b) = -4*b + 1. What is z(x)?
5
Let u be (0 - -2)*(-1 - 0). Let g = u + 5. Let t(m) = -2*m - 6. Let w(k) = -3*k - 11. Let s(p) = g*w(p) - 5*t(p). Determine s(-4).
-7
Let x(c) = c**2 + 5*c + 4. Suppose 37*p = 36*p - 5. What is x(p)?
4
Let i(c) = c**2 - 9*c + 4. Suppose 37 - 9 = 4*w. Calculate i(w).
-10
Let r(z) = -z**2 + 12*z + 14. Let d be r(13). Let j(h) = 7*h. What is j(d)?
7
Let c(a) = a**2 - a - 1. Let t(z) = -3*z - 2*z + z**3 - 2*z. Suppose -g - 3 = 0, -4*g = -0*j - 4*j + 8. Let i(s) = j*t(s) + 2*c(s). What is i(3)?
4
Let a(m) = -4*m**2 - 12*m - 2. Let g(v) = v**2 + v - 1. Let i(l) = -a(l) - 3*g(l). Let j be i(-9). Let p(w) = w**2 - 6*w - 3. What is p(j)?
-8
Let v(n) be the second derivative of n**5/20 - n**4/6 - n**3/2 + 2*n**2 + 23*n. Give v(3).
4
Let s(k) = -2*k + 1. Suppose -2*w - w - 4*x + 50 = 0, -45 = -4*w - x. Let t = w - 12. Give s(t).
5
Let j(m) = -2*m - 1. Let l = -2 - 1. Let w = l + 5. Let g(b) = -b + 3. Let h be g(w). Calculate j(h).
-3
Let f(x) = -x + 6. Suppose -6 = -4*k + 34. Give f(k).
-4
Let m(c) = c + 1. Let f = -3 - -5. Let p be f + 4 - 0 - 1. What is m(p)?
6
Let z(m) = -m**3 + 7*m**2 - 6*m - 5. Let l(g) = -g**2 + 16*g + 6. Let c be l(16). Give z(c).
-5
Let g(i) = -i - 1. Let d be g(-3). Let j(y) = 17*y**2 - 2*y + 5*y - y - 14*y**d. Give j(-2).
8
Let l(a) = a**3 - 13*a**2 + a - 15. Let x be l(13). Let i(b) = -3*b. Calculate i(x).
6
Suppose -4*p + 2*b = -18, -2*p + 9 = 2*p + b. Let o(s) be the first derivative of -s**4/4 + s**3 + s**2/2 - s + 1. Determine o(p).
2
Let t = -5 - -10. Let o(j) = -j + 8. Let s be o(t). Let l(z) = z**2 - 4*z**s - 4*z + 8*z - 4*z. Give l(-1).
5
Suppose -c = -j + 10, 3*c + 2*j + 57 = -2*c. Let p = 13 + c. Let w(v) = -2*v - 1. Give w(p).
-5
Suppose 4*p + c - 4*c = 7, -20 = 4*c. Let l(j) = 2*j**2 + 2*j - 1. Let q be l(1). Let n(h) = 3*h + 2 - h**2 - 1 + 1 - h**q. What is n(p)?
0
Suppose -4*b - 42 = 30. Let h = -13 - b. Suppose 0 = -h*v + 4 + 16. Let w(d) = -2*d + 2. Determine w(v).
-6
Let c = -4 - -7. Let h(w) = w**3 - 3*w**2 - w - 4. What is h(c)?
-7
Let m(j) be the first derivative of -j**7/840 + j**6/180 + j**5/40 - j**4/8 - 2*j**3/3 + 2. Let x(i) be the third derivative of m(i). Let c = -3 + 5. Give x(c).
3
Let k(t) = t**2 + 7*t - 6. Let f(x) = 2*x**2 + 20*x - 17. Let j(s) = 3*f(s) - 8*k(s). Suppose 0 = 5*o - 8*o + 9. What is j(o)?
-9
Suppose 3*t + 2*z = -12, -4*t + 3*z = z + 30. Let s(p) = -2*p**2 + 7*p - 2. Let v(c) = c**2 + 1. Let x(n) = s(n) + 3*v(n). What is x(t)?
-5
Let f(d) be the third derivative of d**4/8 - d**3 - 9*d**2. Give f(4).
6
Let t = 1 + 4. Let z(s) = s**2 - 5*s - 6. Determine z(t).
-6
Let n(r) = 2*r - 9. Let d(f) = 1. Let o = 12 + -13. Let y(g) = o*n(g) - 4*d(g). Suppose h - 6*h + 20 = 0. Determine y(h).
-3
Let g(t) = -t + 1. Let z(h) = -2*h + 2. Let n(o) = -7*g(o) + 3*z(o). Suppose 0*l + 35 = 5*l. Calculate n(l).
6
Let v(d) = -d**2 - 3*d + 4. Let j be v(-4). Let w(i) = -627*i**2 + 311*i**2 + 2*i**3 + 317*i**2 - i**3. What is w(j)?
0
Suppose -b - 2*j = 2*b - 15, -3*j = 3*b - 18. Let g(y) = y - y**b + 0 + 0 - 5*y**2. Suppose -3*v = 5*o + 37, 2*o - 3 + 1 = 3*v. Give g(o).
-5
Let p(x) be the first derivative of x**3/2 - 3*x**2 + x + 3. Let t(m) be the first derivative of p(m). Calculate t(4).
6
Let y(r) = 6*r**3 + 2*r**2 - r + 9. Let i(m) be the first derivative of -7*m**4/4 - 2*m**3/3 + m**2/2 - 10*m + 3. Let g(x) = -5*i(x) - 6*y(x). Give g(-3).
2
Let d(v) = v - 4. Let a(c) = -c**2 + 4*c - 4. Let s be a(4). Determine d(s).
-8
Let y(i) = 1 + 0*i + 5*i - 4*i + 0*i. Suppose -3*x - 3 - 3 = 0. Determine y(x).
-1
Let w(s) = -s + 6. Let a be w(7). Let o(y) = -4*y - 1. Let v(m) = 1 + 2 - 2 + 4*m. Let d(x) = -2*o(x) - 3*v(x). What is d(a)?
3
Let f(g) = -3*g**2 - g + 1. Let q be f(1). Let m = -1 - q. Let d(z) = 2*z**3 + 181*z + 4 - 179*z - 2 - 4*z**2. Give d(m).
6
Let s(b) = -6*b - 10 + 2*b**2 + 4 - b**2 + 2*b**2. Let a(y) = 2*y**2 - 3*y - 3. Let m(j) = -5*a(j) + 3*s(j). Give m(-4).
-7
Let k(i) be the first derivative of -1/2*i**2 - 2 - 2*i - 1/4*i**4 + 0*i**3. Let u = 1 + -1. Give k(u).
-2
Let b(g) be the second derivative of g**3/6 + 8*g. Give b(5).
5
Let y(m) = 3*m**2 - 3*m + 3. Let v(c) = 14*c**3 - 1. Let j be v(-1). Let s = -13 - j. What is y(s)?
9
Let m(q) = -3*q - 5. Let x(s) = 14*s + 26. Let b(j) = -11*m(j) - 2*x(j). Let n be (-3 + 3)/((-2)/(-2)). Let h = -2 + n. What is b(h)?
-7
Let v(b) = -b**3 + 11*b**2 + 4*b + 7. Let h(c) = -c**3 + 10*c**2 + 3*c + 6. Let f(y) = 4*h(y) - 3*v(y). Calculate f(7).
3
Let o(v) = 3*v**3 - v. Let p(f) be the third derivative of -7*f**6/120 + f**4/12 - 4*f**2. Let u(b) = 5*o(b) + 2*p(b). Determine u(0).
0
Let p(q) = -q**3 + 12*q**2 + 4. Suppose -16*v - 60 = -21*v. What is p(v)?
4
Let x be 11/(-9) + 22/99. Let j(d) = -2*d. Determine j(x).
2
Let g be (3/(-2))/(6/(-20)). Suppose g*k - 2*k = -5*v - 2, 4*v = -5*k - 12. Let m(z) = z**2 + 2*z**v - 2*z**2 - 2 + 0*z - 2*z. Calculate m(3).
1
Suppose -14 = -3*l + u, 6*u - 2*u - 46 = -5*l. Let f(i) = i**3 - 6*i**2 - i. Calculate f(l).
-6
Let a = -2 - -5. Let g(o) = -28*o**3 + 25*o**a + 1 + 0*o - o. Calculate g(1).
-3
Suppose -4 = -2*q + 2. Let n(j) = -q + 2*j + j - 3*j - 4*j. Let i(m) = -4*m - 2. Let x(f) = -4*i(f) + 3*n(f). Determine x(-1).
-5
Let s be 6/(-2 - (-1)/2). Let p(k) = -k + 3. What is p(s)?
7
Let g(s) = -s**3 - 5*s**2 + 5*s - 4. Let w be g(-6). Let f(q) = -3*q**3 - 2*q**2 + 10*q**3 + 1 + 0 + w*q**3. Give f(1).
